{"id":483,"date":"2024-02-22T11:10:55","date_gmt":"2024-02-22T10:10:55","guid":{"rendered":"http:\/\/maisondelenergie.sehv.fr\/?page_id=483"},"modified":"2024-09-23T17:43:04","modified_gmt":"2024-09-23T15:43:04","slug":"espace-presse","status":"publish","type":"page","link":"https:\/\/maisondelenergie.sehv.fr\/index.php\/espace-presse\/","title":{"rendered":"Espace presse"},"content":{"rendered":"\t\t<div data-elementor-type=\"wp-page\" data-elementor-id=\"483\" class=\"elementor elementor-483\">\n\t\t\t\t<div class=\"elementor-element elementor-element-d0d815b e-flex e-con-boxed e-con e-parent\" data-id=\"d0d815b\" data-element_type=\"container\" data-e-type=\"container\">\n\t\t\t\t\t<div class=\"e-con-inner\">\n\t\t\t\t<div class=\"elementor-element elementor-element-6fcb1417 elementor-widget elementor-widget-heading\" data-id=\"6fcb1417\" data-element_type=\"widget\" data-e-type=\"widget\" data-widget_type=\"heading.default\">\n\t\t\t\t<div class=\"elementor-widget-container\">\n\t\t\t\t\t<div class=\"elementor-heading-title elementor-size-default\"><h1>Espace presse<\/h1><\/div>\t\t\t\t<\/div>\n\t\t\t\t<\/div>\n\t\t\t\t\t<\/div>\n\t\t\t\t<\/div>\n\t\t<div class=\"elementor-element elementor-element-359b3ae e-flex e-con-boxed e-con e-parent\" data-id=\"359b3ae\" data-element_type=\"container\" data-e-type=\"container\">\n\t\t\t\t\t<div class=\"e-con-inner\">\n\t\t<div class=\"elementor-element elementor-element-4d4e4fa e-con-full e-flex e-con e-child\" data-id=\"4d4e4fa\" data-element_type=\"container\" data-e-type=\"container\" data-settings=\"{&quot;animation&quot;:&quot;none&quot;}\">\n\t\t\t\t<div class=\"elementor-element elementor-element-ef6a52f elementor-widget elementor-widget-heading\" data-id=\"ef6a52f\" data-element_type=\"widget\" data-e-type=\"widget\" data-widget_type=\"heading.default\">\n\t\t\t\t<div class=\"elementor-widget-container\">\n\t\t\t\t\t<div class=\"elementor-heading-title elementor-size-default\"><h2>LA MAISON DE L'\u00c9NERGIE<\/h2><\/div>\t\t\t\t<\/div>\n\t\t\t\t<\/div>\n\t\t\t\t<div class=\"elementor-element elementor-element-d7ad4fa elementor-widget elementor-widget-text-editor\" data-id=\"d7ad4fa\" data-element_type=\"widget\" data-e-type=\"widget\" data-settings=\"{&quot;_animation&quot;:&quot;none&quot;}\" data-widget_type=\"text-editor.default\">\n\t\t\t\t<div class=\"elementor-widget-container\">\n\t\t\t\t\t\t\t\t\t<p>LA MAISON DE L&rsquo;\u00c9NERGIE est un lieu de r\u00e9f\u00e9rence en Haute-Vienne pour tout ce qui concerne les enjeux environnementaux et \u00e9nerg\u00e9tiques.<\/p><p>LA MAISON DE L&rsquo;\u00c9NERGIE est un espace p\u00e9dagogique destin\u00e9 en priorit\u00e9 au public scolaire \u00e0 partir du cycle 3, ce public pouvant s&rsquo;\u00e9largir ponctuellement aux corporations et aux institutionnels. Elle propose plusieurs activit\u00e9s et de multiples ressources pour sensibiliser et former le public aux probl\u00e9matiques li\u00e9es \u00e0 la transition \u00e9nerg\u00e9tique et au changement climatique.<\/p>\t\t\t\t\t\t\t\t<\/div>\n\t\t\t\t<\/div>\n\t\t\t\t<div class=\"elementor-element elementor-element-34d45ce elementor-widget elementor-widget-text-editor\" data-id=\"34d45ce\" data-element_type=\"widget\" data-e-type=\"widget\" data-widget_type=\"text-editor.default\">\n\t\t\t\t<div class=\"elementor-widget-container\">\n\t\t\t\t\t\t\t\t\t<p>C&rsquo;est une structure du Syndicat \u00c9nergies Haute-Vienne.<\/p><p>Plus d&rsquo;infos sur : <span style=\"color: #ff9900;\"><a style=\"color: #ff9900;\" href=\"http:\/\/www.sehv.fr\/\"><strong>sehv.fr<\/strong><\/a><\/span><\/p>\t\t\t\t\t\t\t\t<\/div>\n\t\t\t\t<\/div>\n\t\t\t\t<\/div>\n\t\t<div class=\"elementor-element elementor-element-101d12d e-con-full e-flex e-con e-child\" data-id=\"101d12d\" data-element_type=\"container\" data-e-type=\"container\">\n\t\t\t\t<div class=\"elementor-element elementor-element-9a49cc8 elementor-widget elementor-widget-image\" data-id=\"9a49cc8\" data-element_type=\"widget\" data-e-type=\"widget\" data-widget_type=\"image.default\">\n\t\t\t\t<div class=\"elementor-widget-container\">\n\t\t\t\t\t\t\t\t\t\t\t\t\t\t\t<img fetchpriority=\"high\" decoding=\"async\" width=\"240\" height=\"300\" src=\"https:\/\/maisondelenergie.sehv.fr\/wp-content\/uploads\/2024\/07\/Logo_MAISON_ENERGIE_CMJN-fond-blanc_Plan-de-travail-1-240x300.png\" class=\"attachment-medium size-medium wp-image-4598\" alt=\"\" srcset=\"https:\/\/maisondelenergie.sehv.fr\/wp-content\/uploads\/2024\/07\/Logo_MAISON_ENERGIE_CMJN-fond-blanc_Plan-de-travail-1-240x300.png 240w, https:\/\/maisondelenergie.sehv.fr\/wp-content\/uploads\/2024\/07\/Logo_MAISON_ENERGIE_CMJN-fond-blanc_Plan-de-travail-1.png 400w\" sizes=\"(max-width: 240px) 100vw, 240px\" \/>\t\t\t\t\t\t\t\t\t\t\t\t\t\t\t<\/div>\n\t\t\t\t<\/div>\n\t\t\t\t<\/div>\n\t\t\t\t\t<\/div>\n\t\t\t\t<\/div>\n\t\t<div class=\"elementor-element elementor-element-74b5d0c0 e-flex e-con-boxed e-con e-parent\" data-id=\"74b5d0c0\" data-element_type=\"container\" data-e-type=\"container\">\n\t\t\t\t\t<div class=\"e-con-inner\">\n\t\t\t\t<div class=\"elementor-element elementor-element-3a6e4383 elementor-widget-divider--separator-type-pattern elementor-widget-divider--no-spacing elementor-widget-divider--view-line elementor-widget elementor-widget-divider\" data-id=\"3a6e4383\" data-element_type=\"widget\" data-e-type=\"widget\" data-widget_type=\"divider.default\">\n\t\t\t\t<div class=\"elementor-widget-container\">\n\t\t\t\t\t\t\t<div class=\"elementor-divider\" style=\"--divider-pattern-url: url(&quot;data:image\/svg+xml,%3Csvg xmlns=&#039;http:\/\/www.w3.org\/2000\/svg&#039; preserveAspectRatio=&#039;xMidYMid meet&#039; overflow=&#039;visible&#039; height=&#039;100%&#039; viewBox=&#039;0 0 120 26&#039; fill=&#039;black&#039; stroke=&#039;none&#039;%3E%3Cpath d=&#039;M11.9,15.9L11.9,15.9L0,16c-0.2-3.7,1.5-5.7,4.9-6C10,9.6,12.4,14.2,11.9,15.9zM26.9,15.9L26.9,15.9L15,16c0.5-3.7,2.5-5.7,5.9-6C26,9.6,27.4,14.2,26.9,15.9z M37.1,10c3.4,0.3,5.1,2.3,4.9,6H30.1C29.5,14.4,31.9,9.6,37.1,10z M57,15.9L57,15.9L45,16c0-3.4,1.6-5.4,4.9-5.9C54.8,9.3,57.4,14.2,57,15.9z M71.9,15.9L71.9,15.9L60,16c-0.2-3.7,1.5-5.7,4.9-6C70,9.6,72.4,14.2,71.9,15.9z M82.2,10c3.4,0.3,5,2.3,4.8,6H75.3C74,13,77.1,9.6,82.2,10zM101.9,15.9L101.9,15.9L90,16c-0.2-3.7,1.5-5.7,4.9-6C100,9.6,102.4,14.2,101.9,15.9z M112.1,10.1c2.7,0.5,4.3,2.5,4.9,5.9h-11.9l0,0C104.5,14.4,108,9.3,112.1,10.1z&#039;\/%3E%3C\/svg%3E&quot;);\">\n\t\t\t<span class=\"elementor-divider-separator\">\n\t\t\t\t\t\t<\/span>\n\t\t<\/div>\n\t\t\t\t\t\t<\/div>\n\t\t\t\t<\/div>\n\t\t\t\t\t<\/div>\n\t\t\t\t<\/div>\n\t\t<div class=\"elementor-element elementor-element-eb4f861 e-flex e-con-boxed e-con e-parent\" data-id=\"eb4f861\" data-element_type=\"container\" data-e-type=\"container\">\n\t\t\t\t\t<div class=\"e-con-inner\">\n\t\t<div class=\"elementor-element elementor-element-3940d00 e-con-full e-flex e-con e-child\" data-id=\"3940d00\" data-element_type=\"container\" data-e-type=\"container\">\n\t\t\t\t<div class=\"elementor-element elementor-element-64bb23c elementor-widget elementor-widget-heading\" data-id=\"64bb23c\" data-element_type=\"widget\" data-e-type=\"widget\" data-widget_type=\"heading.default\">\n\t\t\t\t<div class=\"elementor-widget-container\">\n\t\t\t\t\t<div class=\"elementor-heading-title elementor-size-default\"><h2>Communiqu\u00e9s \/ Dossiers de presse<\/h2><\/div>\t\t\t\t<\/div>\n\t\t\t\t<\/div>\n\t\t<div class=\"elementor-element elementor-element-4f13e25 e-con-full e-flex e-con e-child\" data-id=\"4f13e25\" data-element_type=\"container\" data-e-type=\"container\">\n\t\t\t\t<div class=\"elementor-element elementor-element-0a8905d elementor-widget elementor-widget-text-editor\" data-id=\"0a8905d\" data-element_type=\"widget\" data-e-type=\"widget\" data-widget_type=\"text-editor.default\">\n\t\t\t\t<div class=\"elementor-widget-container\">\n\t\t\t\t\t\t\t\t\t<p><a href=\"http:\/\/maisondelenergie.sehv.fr\/wp-content\/uploads\/2024\/05\/DOSSIER-de-presse-Inauguration-MDE.pdf\">11\/04\/2024 &#8211; Dossier de presse : Inauguration de LA MAISON DE L&rsquo;\u00c9NERGIE<\/a><\/p><p><a href=\"http:\/\/maisondelenergie.sehv.fr\/wp-content\/uploads\/2024\/05\/communique-de-presse-ouverture-MAISON-DE-LENERGIE.pdf\">11\/04\/2024 &#8211; Communiqu\u00e9 de presse : Inauguration de LA MAISON DE L&rsquo;\u00c9NERGIE<\/a><\/p><p><a href=\"http:\/\/maisondelenergie.sehv.fr\/wp-content\/uploads\/2024\/05\/communique-de-presse.pdf\">15\/09\/2022 &#8211; Communiqu\u00e9 de presse : Pose du bouquet<\/a><\/p>\t\t\t\t\t\t\t\t<\/div>\n\t\t\t\t<\/div>\n\t\t\t\t<\/div>\n\t\t\t\t<\/div>\n\t\t\t\t\t<\/div>\n\t\t\t\t<\/div>\n\t\t<div class=\"elementor-element elementor-element-8a691df e-flex e-con-boxed e-con e-parent\" data-id=\"8a691df\" data-element_type=\"container\" data-e-type=\"container\">\n\t\t\t\t\t<div class=\"e-con-inner\">\n\t\t\t\t<div class=\"elementor-element elementor-element-2586cf1 elementor-widget-divider--separator-type-pattern elementor-widget-divider--no-spacing elementor-widget-divider--view-line elementor-widget elementor-widget-divider\" data-id=\"2586cf1\" data-element_type=\"widget\" data-e-type=\"widget\" data-widget_type=\"divider.default\">\n\t\t\t\t<div class=\"elementor-widget-container\">\n\t\t\t\t\t\t\t<div class=\"elementor-divider\" style=\"--divider-pattern-url: url(&quot;data:image\/svg+xml,%3Csvg xmlns=&#039;http:\/\/www.w3.org\/2000\/svg&#039; preserveAspectRatio=&#039;xMidYMid meet&#039; overflow=&#039;visible&#039; height=&#039;100%&#039; viewBox=&#039;0 0 120 26&#039; fill=&#039;black&#039; stroke=&#039;none&#039;%3E%3Cpath d=&#039;M11.9,15.9L11.9,15.9L0,16c-0.2-3.7,1.5-5.7,4.9-6C10,9.6,12.4,14.2,11.9,15.9zM26.9,15.9L26.9,15.9L15,16c0.5-3.7,2.5-5.7,5.9-6C26,9.6,27.4,14.2,26.9,15.9z M37.1,10c3.4,0.3,5.1,2.3,4.9,6H30.1C29.5,14.4,31.9,9.6,37.1,10z M57,15.9L57,15.9L45,16c0-3.4,1.6-5.4,4.9-5.9C54.8,9.3,57.4,14.2,57,15.9z M71.9,15.9L71.9,15.9L60,16c-0.2-3.7,1.5-5.7,4.9-6C70,9.6,72.4,14.2,71.9,15.9z M82.2,10c3.4,0.3,5,2.3,4.8,6H75.3C74,13,77.1,9.6,82.2,10zM101.9,15.9L101.9,15.9L90,16c-0.2-3.7,1.5-5.7,4.9-6C100,9.6,102.4,14.2,101.9,15.9z M112.1,10.1c2.7,0.5,4.3,2.5,4.9,5.9h-11.9l0,0C104.5,14.4,108,9.3,112.1,10.1z&#039;\/%3E%3C\/svg%3E&quot;);\">\n\t\t\t<span class=\"elementor-divider-separator\">\n\t\t\t\t\t\t<\/span>\n\t\t<\/div>\n\t\t\t\t\t\t<\/div>\n\t\t\t\t<\/div>\n\t\t\t\t\t<\/div>\n\t\t\t\t<\/div>\n\t\t<div class=\"elementor-element elementor-element-cfcb31e e-flex e-con-boxed e-con e-parent\" data-id=\"cfcb31e\" data-element_type=\"container\" data-e-type=\"container\">\n\t\t\t\t\t<div class=\"e-con-inner\">\n\t\t<div class=\"elementor-element elementor-element-7209f2d e-con-full e-flex e-con e-child\" data-id=\"7209f2d\" data-element_type=\"container\" data-e-type=\"container\">\n\t\t\t\t<div class=\"elementor-element elementor-element-63f3e69 elementor-widget__width-initial elementor-widget elementor-widget-heading\" data-id=\"63f3e69\" data-element_type=\"widget\" data-e-type=\"widget\" data-widget_type=\"heading.default\">\n\t\t\t\t<div class=\"elementor-widget-container\">\n\t\t\t\t\t<div class=\"elementor-heading-title elementor-size-default\"><h2>Retrouvez ci-dessous le logo en format .png<\/h2><\/div>\t\t\t\t<\/div>\n\t\t\t\t<\/div>\n\t\t\t\t<\/div>\n\t\t\t\t\t<\/div>\n\t\t\t\t<\/div>\n\t\t<div class=\"elementor-element elementor-element-d98e742 e-grid e-con-boxed e-con e-parent\" data-id=\"d98e742\" data-element_type=\"container\" data-e-type=\"container\" data-settings=\"{&quot;background_background&quot;:&quot;classic&quot;}\">\n\t\t\t\t\t<div class=\"e-con-inner\">\n\t\t\t\t<div class=\"elementor-element elementor-element-3f73445 elementor-widget elementor-widget-image\" data-id=\"3f73445\" data-element_type=\"widget\" data-e-type=\"widget\" data-widget_type=\"image.default\">\n\t\t\t\t<div class=\"elementor-widget-container\">\n\t\t\t\t\t\t\t\t\t\t\t\t\t\t\t<img decoding=\"async\" width=\"400\" height=\"500\" src=\"https:\/\/maisondelenergie.sehv.fr\/wp-content\/uploads\/2024\/07\/Logo_MAISON_ENERGIE_CMJN-fond-blanc_Plan-de-travail-1.png\" class=\"attachment-large size-large wp-image-4598\" alt=\"\" srcset=\"https:\/\/maisondelenergie.sehv.fr\/wp-content\/uploads\/2024\/07\/Logo_MAISON_ENERGIE_CMJN-fond-blanc_Plan-de-travail-1.png 400w, https:\/\/maisondelenergie.sehv.fr\/wp-content\/uploads\/2024\/07\/Logo_MAISON_ENERGIE_CMJN-fond-blanc_Plan-de-travail-1-240x300.png 240w\" sizes=\"(max-width: 400px) 100vw, 400px\" \/>\t\t\t\t\t\t\t\t\t\t\t\t\t\t\t<\/div>\n\t\t\t\t<\/div>\n\t\t\t\t<div class=\"elementor-element elementor-element-5d72a79 elementor-widget elementor-widget-image\" data-id=\"5d72a79\" data-element_type=\"widget\" data-e-type=\"widget\" data-widget_type=\"image.default\">\n\t\t\t\t<div class=\"elementor-widget-container\">\n\t\t\t\t\t\t\t\t\t\t\t\t\t\t\t<img decoding=\"async\" width=\"400\" height=\"500\" src=\"https:\/\/maisondelenergie.sehv.fr\/wp-content\/uploads\/2024\/07\/Logo_MAISON_ENERGIE_NOIR-fond-transparent.png\" class=\"attachment-large size-large wp-image-4599\" alt=\"\" srcset=\"https:\/\/maisondelenergie.sehv.fr\/wp-content\/uploads\/2024\/07\/Logo_MAISON_ENERGIE_NOIR-fond-transparent.png 400w, https:\/\/maisondelenergie.sehv.fr\/wp-content\/uploads\/2024\/07\/Logo_MAISON_ENERGIE_NOIR-fond-transparent-240x300.png 240w\" sizes=\"(max-width: 400px) 100vw, 400px\" \/>\t\t\t\t\t\t\t\t\t\t\t\t\t\t\t<\/div>\n\t\t\t\t<\/div>\n\t\t\t\t<div class=\"elementor-element elementor-element-58e5948 elementor-widget elementor-widget-image\" data-id=\"58e5948\" data-element_type=\"widget\" data-e-type=\"widget\" data-widget_type=\"image.default\">\n\t\t\t\t<div class=\"elementor-widget-container\">\n\t\t\t\t\t\t\t\t\t\t\t\t\t\t\t<img loading=\"lazy\" decoding=\"async\" width=\"400\" height=\"500\" src=\"https:\/\/maisondelenergie.sehv.fr\/wp-content\/uploads\/2024\/07\/Logo_MAISON_ENERGIE_BLANC-fond-transparent_Plan-de-travail-1.png\" class=\"attachment-large size-large wp-image-4597\" alt=\"\" srcset=\"https:\/\/maisondelenergie.sehv.fr\/wp-content\/uploads\/2024\/07\/Logo_MAISON_ENERGIE_BLANC-fond-transparent_Plan-de-travail-1.png 400w, https:\/\/maisondelenergie.sehv.fr\/wp-content\/uploads\/2024\/07\/Logo_MAISON_ENERGIE_BLANC-fond-transparent_Plan-de-travail-1-240x300.png 240w\" sizes=\"(max-width: 400px) 100vw, 400px\" \/>\t\t\t\t\t\t\t\t\t\t\t\t\t\t\t<\/div>\n\t\t\t\t<\/div>\n\t\t\t\t\t<\/div>\n\t\t\t\t<\/div>\n\t\t<div class=\"elementor-element elementor-element-032d232 e-flex e-con-boxed e-con e-parent\" data-id=\"032d232\" data-element_type=\"container\" data-e-type=\"container\">\n\t\t\t\t\t<div class=\"e-con-inner\">\n\t\t\t\t<div class=\"elementor-element elementor-element-c307143 elementor-widget-divider--view-line elementor-widget elementor-widget-divider\" data-id=\"c307143\" data-element_type=\"widget\" data-e-type=\"widget\" data-widget_type=\"divider.default\">\n\t\t\t\t<div class=\"elementor-widget-container\">\n\t\t\t\t\t\t\t<div class=\"elementor-divider\">\n\t\t\t<span class=\"elementor-divider-separator\">\n\t\t\t\t\t\t<\/span>\n\t\t<\/div>\n\t\t\t\t\t\t<\/div>\n\t\t\t\t<\/div>\n\t\t\t\t\t<\/div>\n\t\t\t\t<\/div>\n\t\t\t\t<\/div>\n\t\t","protected":false},"excerpt":{"rendered":"<p>Espace presse LA MAISON DE L&rsquo;\u00c9NERGIE LA MAISON DE L&rsquo;\u00c9NERGIE est un lieu de r\u00e9f\u00e9rence en Haute-Vienne pour tout ce qui concerne les enjeux environnementaux et \u00e9nerg\u00e9tiques. LA MAISON DE L&rsquo;\u00c9NERGIE est un espace p\u00e9dagogique destin\u00e9 en priorit\u00e9 au public scolaire \u00e0 partir du cycle 3, ce public pouvant s&rsquo;\u00e9largir ponctuellement aux corporations et aux [&hellip;]<\/p>\n","protected":false},"author":1,"featured_media":735,"parent":0,"menu_order":0,"comment_status":"closed","ping_status":"closed","template":"","meta":{"footnotes":""},"class_list":["post-483","page","type-page","status-publish","has-post-thumbnail","hentry"],"_links":{"self":[{"href":"https:\/\/maisondelenergie.sehv.fr\/index.php\/wp-json\/wp\/v2\/pages\/483","targetHints":{"allow":["GET"]}}],"collection":[{"href":"https:\/\/maisondelenergie.sehv.fr\/index.php\/wp-json\/wp\/v2\/pages"}],"about":[{"href":"https:\/\/maisondelenergie.sehv.fr\/index.php\/wp-json\/wp\/v2\/types\/page"}],"author":[{"embeddable":true,"href":"https:\/\/maisondelenergie.sehv.fr\/index.php\/wp-json\/wp\/v2\/users\/1"}],"replies":[{"embeddable":true,"href":"https:\/\/maisondelenergie.sehv.fr\/index.php\/wp-json\/wp\/v2\/comments?post=483"}],"version-history":[{"count":240,"href":"https:\/\/maisondelenergie.sehv.fr\/index.php\/wp-json\/wp\/v2\/pages\/483\/revisions"}],"predecessor-version":[{"id":6485,"href":"https:\/\/maisondelenergie.sehv.fr\/index.php\/wp-json\/wp\/v2\/pages\/483\/revisions\/6485"}],"wp:featuredmedia":[{"embeddable":true,"href":"https:\/\/maisondelenergie.sehv.fr\/index.php\/wp-json\/wp\/v2\/media\/735"}],"wp:attachment":[{"href":"https:\/\/maisondelenergie.sehv.fr\/index.php\/wp-json\/wp\/v2\/media?parent=483"}],"curies":[{"name":"wp","href":"https:\/\/api.w.org\/{rel}","templated":true}]}}